{"id":10,"date":"2024-03-08T14:23:42","date_gmt":"2024-03-08T13:23:42","guid":{"rendered":"https:\/\/bautis.pl\/?page_id=10"},"modified":"2024-03-08T18:11:44","modified_gmt":"2024-03-08T17:11:44","slug":"kontakt","status":"publish","type":"page","link":"https:\/\/bautis.pl\/index.php\/kontakt\/","title":{"rendered":"Kontakt"},"content":{"rendered":"\n<p><a href=\"https:\/\/web.archive.org\/web\/20220122054056\/mailto:biuro.bautis@gmail.com\">biuro.bautis@gmail.com<\/a><\/p>\n\n\n\n<p>+48 793 611 050<\/p>\n\n\n\n<p><\/p>\n\n\n\n<h3 class=\"wp-block-heading\">Adres WWW:<\/h3>\n\n\n\n<figure class=\"wp-block-embed\"><div class=\"wp-block-embed__wrapper\">\nhttps:\/\/www.facebook.com\/BAUTIS.Budownictwo\/\n<\/div><\/figure>\n\n\n\n<h3 class=\"wp-block-heading\"><a href=\"https:\/\/web.archive.org\/web\/20220122054056\/https:\/\/www.facebook.com\/BAUTIS.Budownictwo\/\" target=\"_blank\" rel=\"noreferrer noopener\"><\/a><\/h3>\n\n\n\n<h3 class=\"wp-block-heading\">Adres korespondencyjny<\/h3>\n\n\n\n<p>BAUTIS &#8211; Odbiory mieszka\u0144 i dom\u00f3w, Inspektor Nadzoru<\/p>\n\n\n\n<p>NIP: 879-262-81-31<br>Pe\u0142czy\u0144skiego 14 132<br>01-471 Warszawa<\/p>\n","protected":false},"excerpt":{"rendered":"<p>biuro.bautis@gmail.com +48 793 611 050 Adres WWW: Adres korespondencyjny BAUTIS &#8211; Odbiory mieszka\u0144 i dom\u00f3w, Inspektor Nadzoru NIP: 879-262-81-31Pe\u0142czy\u0144skiego 14 13201-471 Warszawa<\/p>\n","protected":false},"author":1,"featured_media":0,"parent":0,"menu_order":0,"comment_status":"closed","ping_status":"closed","template":"templates\/template-full-width.php","meta":{"footnotes":""},"class_list":["post-10","page","type-page","status-publish","hentry"],"_links":{"self":[{"href":"https:\/\/bautis.pl\/index.php\/wp-json\/wp\/v2\/pages\/10","targetHints":{"allow":["GET"]}}],"collection":[{"href":"https:\/\/bautis.pl\/index.php\/wp-json\/wp\/v2\/pages"}],"about":[{"href":"https:\/\/bautis.pl\/index.php\/wp-json\/wp\/v2\/types\/page"}],"author":[{"embeddable":true,"href":"https:\/\/bautis.pl\/index.php\/wp-json\/wp\/v2\/users\/1"}],"replies":[{"embeddable":true,"href":"https:\/\/bautis.pl\/index.php\/wp-json\/wp\/v2\/comments?post=10"}],"version-history":[{"count":2,"href":"https:\/\/bautis.pl\/index.php\/wp-json\/wp\/v2\/pages\/10\/revisions"}],"predecessor-version":[{"id":26,"href":"https:\/\/bautis.pl\/index.php\/wp-json\/wp\/v2\/pages\/10\/revisions\/26"}],"wp:attachment":[{"href":"https:\/\/bautis.pl\/index.php\/wp-json\/wp\/v2\/media?parent=10"}],"curies":[{"name":"wp","href":"https:\/\/api.w.org\/{rel}","templated":true}]}}